= l - 4. Is (1 + -204)/(2/u) a prime number?
False
Let c = -4 - -19. Let l be (2 - 1)*(c - 4). Is l - (0 + 1) - 1 a composite number?
True
Let s = -122 + 230. Let p = 157 - s. Is p a prime number?
False
Let f = 2 + -2. Let j(z) = -3*z**3 + 37 - z + z**3 + z**3. Is j(f) a composite number?
False
Let f = -3 - -3. Let s be -3*(1/3 - f). Is (170/15)/(s/(-3)) a composite number?
True
Let r(w) = w + 1 - 2*w + 4*w**2 + 6*w - 3*w. Let o(x) = -17*x**2 - 9*x - 5. Let i(d) = 2*o(d) + 9*r(d). Is i(-9) a composite number?
True
Let y(i) = 5*i**3 - 2*i**2 - i. Let d be y(-1). Let v(z) = -63*z - 7. Is v(d) a composite number?
True
Is -2*12/8 + 22 a prime number?
True
Let a be (-2)/2*(-420)/6. Is ((-14)/4)/((-5)/a) a composite number?
True
Let x(p) be the second derivative of -53*p**3/2 - 9*p. Is x(-1) composite?
True
Let n(o) = -2*o**3 - 7*o**2 - 4*o - 7. Let p(t) = 3*t**3 + 8*t**2 + 5*t + 8. Let r(b) = -7*n(b) - 6*p(b). Let g be r(1). Is ((-2)/(-1))/(g/(-154)) prime?
False
Suppose -4*g + 0*g + 2516 = 0. Is g a composite number?
True
Let r(v) = 10*v - 1. Let t(k) = 29*k - 2. Let n(x) = 17*r(x) - 6*t(x). Is n(-6) prime?
True
Let f = 491 + -111. Suppose -y + 3*k + 74 = 0, 5*y - 4*k = k + f. Is y a composite number?
True
Is (7/14)/(2/564) composite?
True
Suppose -n - 242 = -6*n - 4*o, -2*o + 144 = 3*n. Is n a prime number?
False
Suppose 0 = 10*q - 5*q. Is q + (-1)/(-1)*409 a prime number?
True
Suppose -5*v = -0*v. Let m = 162 - 68. Suppose m = 2*z - v*z. Is z a prime number?
True
Let l(b) = 68*b + 7. Is l(3) prime?
True
Suppose -5 = -m - 3. Suppose m*k - 154 = -0*k. Is k composite?
True
Let v be 16/(-6)*-3*-6. Let x = v - -70. Is x composite?
True
Let w(d) = -147*d + 1. Suppose 3*y = -4*s - 10, -2*y + 2*s + 24 = -3*s. Let r be w(y). Is (-2)/(-5) + r/(-5) a prime number?
True
Let a(t) = 6*t**2 - 7*t + 1. Let n be a(13). Suppose -3*f + 297 = -n. Is f composite?
True
Let b(s) = 4*s**3 + s**2 - 3*s + 4. Let i be b(4). Suppose 3*v - i = 81. Is v composite?
True
Let p = 1908 + -362. Is p prime?
False
Let c(m) = -m**3 - 2*m**2 + 4*m - 14. Is c(-6) prime?
False
Let y = 2753 - -78. Is y a prime number?
False
Let b be 2/(1 - 9/6). Let i(c) = c**2 + 6*c + 6. Let r be i(b). Is -2 + (r + 209 - 0) a prime number?
False
Is (-906)/(-14) - (-6)/21 a prime number?
False
Let i be (1 - 3)/((-4)/(-506)). Suppose 0 = -2*w - 4*t + 740, 3*w - t - 1165 = 4*t. Let b = i + w. Is b composite?
False
Let k = 1 + -11. Let o be 16/(-20)*k/4. Suppose 4*y = o*h - 4, h - 3*y + 6*y - 12 = 0. Is h prime?
False
Is (-910 + (3 + -3 - -3))*-1 prime?
True
Is (3 + 2)*-26*(-3)/6 prime?
False
Is ((-4)/(-16)*1)/(3/1572) a composite number?
False
Let m(x) = -x**2 + 2*x + 3. Let n be m(3). Is n - (560 - 3)*-1 a composite number?
False
Let z be (-2 + (-2)/4)*-2. Suppose z*c + 3*m = 4*c + 82, -3*c - 4*m + 221 = 0. Is c a prime number?
True
Let w(d) = 3*d**2 - 14*d - 9. Is w(-8) composite?
True
Suppose 1 - 11 = -2*o. Suppose 4*u + o*p + 19 = 0, -p - 1 + 3 = -5*u. Is (u + -9)/(2/(-11)) a composite number?
True
Suppose -v + 0*o = -3*o - 369, 2*o = -v + 389. Is v a composite number?
True
Suppose 0*c + 5*c + 10 = 0, b - c - 6549 = 0. Is b composite?
False
Suppose -3*a = -0*a - 33. Suppose -a - 9 = 5*f. Is (22/(-6))/(f/12) a composite number?
False
Let c(s) = -17*s + 6. Is c(-4) a prime number?
False
Let r(k) = -k**3 + 14*k**2 - 13*k + 12. Let i be r(13). Is 117/i - (-3)/(-4) composite?
True
Let c(y) = 6*y**2 - 4*y - 4. Let i be c(-3). Suppose 186 - i = 4*d. Is d prime?
True
Suppose s + 3*s = 1504. Suppose -s = -4*n + 420. Is n a prime number?
True
Let f(p) = 3*p**3 + 4*p**2 - 2*p + 6. Let x(y) = -y**3 + y**2 + y + 1. Let i(z) = f(z) + 4*x(z). Suppose 3*r - 24 = -0*r. Is i(r) a composite number?
True
Suppose 5*w - 2*c = 3753, -5*w + 3572 = -5*c - 178. Is w a prime number?
True
Suppose 4*s - 4*c + 101 = -79, 3*s + 3*c + 105 = 0. Let y = -7 - s. Is y composite?
True
Let g = 37 + -25. Is 63/g*(2 + 2) composite?
True
Let z(s) = 2*s**3 + s**2 - s. Let k be z(1). Suppose k*n + 0*p = 2*p, 0 = -5*n + p + 16. Suppose 2*i - 98 = -4*l, n*i - 7*i = 2*l - 43. Is l a composite number?
True
Let h(l) = -40*l - 9. Let o(t) = -79*t - 19. Let p(b) = -5*h(b) + 2*o(b). Is p(6) a composite number?
True
Let g = 7237 - 3744. Is g a prime number?
False
Suppose -2*z = -4*x - 0*z + 8, -3*x - 2*z + 6 = 0. Let b(j) = -j**2 - 4*j. Let s be b(-4). Suppose w - 25 + x = s. Is w a composite number?
False
Suppose -3*b = -2*b - 3*i - 271, 0 = -4*b + 2*i + 1074. Is (-6)/21 - b/(-7) a composite number?
True
Let m be ((-4)/(-7))/(4/28). Suppose 0 = -4*t - m, -2*d = -2*t - 2*t - 230. Is d prime?
True
Is (2863/2)/(6/12) a composite number?
True
Suppose -4*v - 406 = -2*p - 0*p, 4*p - 2*v - 818 = 0. Is p a prime number?
False
Suppose 0 = -g + 4*g + 6, 4*g = -3*i + 4. Suppose -2*s - 62 - 11 = -r, i*r + 5*s - 240 = 0. Is r a prime number?
False
Suppose -3*m + 74 = 5*x, 3*x + x - 4*m = 40. Is x a prime number?
True
Suppose 5*q - 6055 = 5*n, 2*q - 1678 = -4*n + 744. Is q composite?
True
Let f(c) = 35*c**2 + 2*c - 1. Let o be f(-2). Let w = o - 11. Suppose 0*z - w = -4*z. Is z a composite number?
False
Let z(k) = -79*k + 6. Let h be z(-8). Suppose 3*c = 5*i + h, 0 = c + 4*c - 4*i - 1059. Is c prime?
True
Is ((-3730)/(-5))/(2*1) prime?
True
Let d = 6 - -8. Let t = d - -55. Suppose t = 5*f - 56. Is f prime?
False
Let g(k) = 32*k - 5. Is g(5) composite?
True
Let p(l) = l**3 - 4*l**2 + l + 1. Let t be p(4). Let o = t - 0. Suppose -o*j + j + 340 = 0. Is j a composite number?
True
Let q(a) = 11*a + 0 + 0 + 1. Is q(8) prime?
True
Let g = 12 + -8. Suppose g*o = -u + 1, -4*u = -4*o - 30 - 74. Is u a composite number?
True
Let g(a) = -3*a + 3. Let k be g(3). Let y be k/4*(-20)/6. Suppose 9 = p - y. Is p a composite number?
True
Let z(m) = 11*m**3 - 2*m**2 - m + 1. Let i be z(2). Suppose 4*r - 69 = i. Is r composite?
False
Let u = 20 - 11. Let l(g) be the second derivative of 5*g**3/6 + 4*g**2 - 7*g. Is l(u) prime?
True
Let n be 7/3*3 + -1. Is 3/n*-1*-28 a prime number?
False
Suppose n = 5*b + 13, 3*n = 2*b + 9 + 4. Is (b/3)/((-24)/1908) composite?
False
Suppose -a - 2672 - 8217 = -4*s, 5*s = a + 13612. Is s a prime number?
False
Suppose -3*y + 76 = -35. Suppose -2*s + 3*s - y = 0. Is s a prime number?
True
Suppose 4*o = 3*o + 211. Is o prime?
True
Suppose -56 = 6*o - 170. Is o prime?
True
Suppose -6*t = -4*t - 164. Suppose -t - 47 = -k. Is k a prime number?
False
Let n(v) = 6*v + 37. Is n(13) prime?
False
Let v(t) = 4*t**2 - 3*t + 2. Let c(x) = 13*x**2 - 9*x + 6. Let r(f) = -2*c(f) + 7*v(f). Let d be (3/1 + -2)*4. Is r(d) composite?
True
Is -2 - (2 + (-637)/1) a composite number?
True
Let s(f) = -4*f**2 - 2*f + 13. Let k be s(6). Is 2 - ((-2 - -4) + k) a prime number?
False
Suppose -5*h + 0*g + 2 = -2*g, -2*g + 10 = h. Suppose -253 = -5*d - 5*s + 2*s, 4*s + 122 = h*d. Is d a prime number?
True
Let h(f) = 89*f - 45. Is h(8) prime?
False
Let w = 71 + -14. Let s be (12/15)/(1/15). Let o = w + s. Is o a composite number?
True
Suppose 3*k - 8 = k. Suppose k*q + 5*t + 6 = 20, 0 = -3*q - 5*t + 13. Is 1/(q/37*1) a prime number?
True
Let v = -144 - -233. Is v prime?
True
Let g = -13 + 9. Is 2/(8/(-121))*g a composite number?
True
Let q(o) = 2*o**3 - 9*o**2 - 4*o + 1. Let l be q(7). Suppose -y = y - l. Is y a prime number?
True
Suppose 27 = -s + 2*k - 4, s + 3*k + 26 = 0. Let b = s + -24. Let z = 42 - b. Is z composite?
True
Is (-2)/5 - (2 + (-7602)/30) a prime number?
True
Let r = 459 - 301. Suppose -2*t + 4*t - r = 0. Is t a prime number?
True
Let n be 147/(-6) + 1/(-2). Let b = 40 + n. Is b a prime number?
False
Let j = -135 + 65. Let f = 161 + j. Is f a prime number?
False
Let i(k) = -6*k + 7. Let s be i(3). Let l be 43 + 0 + (0 - -1). Let d = l - s. Is d composite?
True
Let r(h) = 341*h - 5. Is r(2) a prime number?
True
Let a(q) = -q**3 + 14*q**2 - 8*q - 28. Is a(11) composite?
True
Is -4*(-1)/2*(-2386)/(-4) prime?
True
Let g(c) be the third derivative of c**5/60 + 7*c**4/24 - c**3/6 - 2*c**2. Suppose 0 = 2*j - 4*n - 6, j - n - 9 = -2*n. Is g(j) a prime number?
True
Suppose -3 + 4 = -x, -q + x + 45 = 0. Let t = 81 - q. Is t a prime number?
True
Suppose 7*c - 27 = 10*c. Let n = 13 + c. Suppose -n*f - 13 = -137. Is f a prime number?
True
Suppose 20 = -4*l, -n + 1721 = 2*n + 2